e
Is 1154377 prime?
False
Is 1550797 a composite number?
True
Is 6821599 a composite number?
False
Is 6983801 composite?
True
Is 1278659 a prime number?
True
Is 83473763 composite?
False
Is 139787 a composite number?
False
Is 5249617 composite?
True
Is 310543 prime?
False
Is 93104327 prime?
True
Is 250175767 composite?
False
Is 343709 a composite number?
False
Is 92336071 a composite number?
False
Is 76728914 composite?
True
Is 37121867 prime?
True
Is 104760823 prime?
True
Is 23741851 a prime number?
False
Is 95479 a prime number?
True
Is 798877 a composite number?
True
Is 1309397 a composite number?
False
Is 366938603 composite?
False
Is 2038747 prime?
True
Is 581790047 composite?
True
Is 2419979 a composite number?
False
Is 2502761 a prime number?
True
Is 3022559 a composite number?
True
Is 44787269 composite?
False
Is 23379869 a composite number?
True
Is 121474757 a composite number?
False
Is 6268627 a composite number?
True
Is 162205 a prime number?
False
Is 3769187 composite?
False
Is 2073863 prime?
False
Is 1096693483 prime?
False
Is 199520987 composite?
True
Is 20098373 a composite number?
False
Is 281854171 a composite number?
False
Is 1502869 composite?
False
Is 233549 a composite number?
False
Is 246186523 composite?
True
Is 9923794 composite?
True
Is 90827393 a composite number?
True
Is 5687813 composite?
False
Is 23797121 prime?
False
Is 5053949 prime?
True
Is 1166527 a composite number?
False
Is 165823039 composite?
True
Is 9785569 a prime number?
False
Is 558346 composite?
True
Is 10419418 prime?
False
Is 35638193 a prime number?
True
Is 124412369 composite?
True
Is 54899071 prime?
True
Is 6440023 composite?
True
Is 37376627 a prime number?
False
Is 3596003 prime?
True
Is 169231091 a prime number?
False
Is 72962349 a prime number?
False
Is 3094411 composite?
False
Is 12065267 a composite number?
True
Is 15057607 composite?
False
Is 28013231 composite?
False
Is 316423 a composite number?
False
Is 85360783 a composite number?
True
Is 11496541 a composite number?
True
Is 15290501 a prime number?
True
Is 36998651 composite?
True
Is 24349753 a prime number?
False
Is 122651777 prime?
True
Is 33140819 prime?
True
Is 19520231 a composite number?
False
Is 1147969 a composite number?
False
Is 3089003 a composite number?
True
Is 1403413 a composite number?
True
Is 1074746 prime?
False
Is 17232103 prime?
False
Is 756934207 a prime number?
True
Is 114024809 a prime number?
True
Is 1059161 prime?
True
Is 1778111 composite?
False
Is 18320521 composite?
False
Is 48774751 a composite number?
True
Is 4938509 prime?
True
Is 9835543 composite?
False
Is 206267089 composite?
True
Is 16989277 a prime number?
True
Is 2938262 a prime number?
False
Is 11875553 composite?
False
Is 653494801 a prime number?
True
Is 289834907 a prime number?
True
Is 2901337 a composite number?
False
Is 18944759 composite?
False
Is 4071203 prime?
False
Is 13423973 prime?
False
Is 29086003 composite?
True
Is 84081451 a prime number?
True
Is 2105963 a composite number?
False
Is 7631201 composite?
True
Is 4871077 prime?
True
Is 1062907 prime?
True
Is 125016797 a prime number?
True
Is 3880507 a prime number?
True
Is 2462617 a prime number?
True
Is 32952991 a prime number?
True
Is 1433555 a composite number?
True
Is 1384909 prime?
True
Is 424937327 a composite number?
False
Is 27532559 a composite number?
False
Is 1079294143 a prime number?
True
Is 51285751 a composite number?
True
Is 114135107 prime?
True
Is 28877113 a prime number?
True
Is 38793083 a composite number?
True
Is 358019383 composite?
False
Is 281941981 composite?
True
Is 8320903 composite?
False
Is 7414843 prime?
True
Is 285784457 prime?
False
Is 23396119 a prime number?
True
Is 15146639 prime?
True
Is 130925533 composite?
False
Is 2836781 prime?
True
Is 21857707 composite?
True
Is 15487454 prime?
False
Is 1213517 a prime number?
True
Is 11815943 a composite number?
False
Is 23548027 prime?
True
Is 15951743 a composite number?
True
Is 6855515 composite?
True
Is 82743569 a composite number?
False
Is 228309463 composite?
False
Is 20716343 composite?
False
Is 320362213 composite?
False
Is 6644293 composite?
False
Is 20281267 prime?
True
Is 30996347 prime?
True
Is 402197 prime?
True
Is 11153327 composite?
False
Is 1326742 composite?
True
Is 31117979 a prime number?
True
Is 24469849 a prime number?
False
Is 5480771 a prime number?
True
Is 467017 a prime number?
True
Is 8266151 a prime number?
True
Is 3861659 prime?
True
Is 8393171 a composite number?
False
Is 44082103 composite?
True
Is 7909827 prime?
False
Is 3885514 prime?
False
Is 29511491 a composite number?
True
Is 70041769 prime?
False
Is 45117883 prime?
True
Is 26652017 a composite number?
True
Is 105138841 a prime number?
True
Is 2291318 prime?
False
Is 108801831 a prime number?
False
Is 3030791 prime?
True
Is 267888457 a prime number?
False
Is 62171237 a prime number?
True
Is 5245981 composite?
True
Is 70981558 prime?
False
Is 4129291 prime?
False
Is 32626141 composite?
False
Is 58567271 a composite number?
True
Is 66343841 a composite number?
False
Is 22610759 a composite number?
False
Is 134174039 composite?
True
Is 53648117 a composite number?
True
Is 4380547 prime?
True
Is 259872229 prime?
True
Is 93018899 a prime number?
True
Is 124584403 a composite number?
False
Is 38033539 a composite number?
True
Is 98190061 a composite number?
False
Is 379027 a prime number?
False
Is 13119233 composite?
False
Is 885948769 composite?
False
Is 2304349 a prime number?
True
Is 2562149 composite?
True
Is 2361613 a composite number?
True
Is 172310111 a composite number?
False
Is 9953071 a prime number?
True
Is 1962743 prime?
True
Is 37838791 a prime number?
True
Is 163305977 a prime number?
True
Is 9682331 a composite number?
True
Is 4747733 composite?
True
Is 4107947 a composite number?
False
Is 66832489 composite?
False
Is 949301 prime?
False
Is 54254 a prime number?
False
Is 25477979 composite?
True
Is 4837181 composite?
True
Is 26613098 a composite number?
True
Is 100887793 a prime number?
True
Is 3291481 composite?
False
Is 8154299 prime?
True
Is 310993 a composite number?
True
Is 382287421 composite?
False
Is 56956687 a composite number?
True
Is 252397373 prime?
False
Is 24710417 a prime number?
True
Is 488608013 prime?
False
Is 109479961 composite?
True
Is 3091883 a composite number?
False
Is 2696027 prime?
False
Is 96870461 prime?
True
Is 109929139 composite?
False
Is 2095927 prime?
True
Is 13006321 composite?
False
Is 857737769 composite?
True
Is 91418381 composite?
True
Is 10953037 a prime number?
False
Is 2403047 a composite number?
False
Is 288339121 a prime number?
False
Is 318137189 a composite number?
False
Is 1666607 prime?
True
Is 5630081 a composite number?
True
Is 9461009 a composite number?
True
Is 5298433 prime?
False
Is 4625933 prime?
False
Is 2904971 a composite number?
True
Is 324355817 composite?
False
Is 4118759 a prime number?
True
Is 119307215 a prime number?
False
Is 2849317 composite?
False
Is 8038313 composite?
False
Is 37914703 a prime number?
True
Is 68990357 a prime number?
True
Is 96576373 composite?
True
Is 18977171 a composite number?
False
Is 109131881 composite?
False
Is 168799331 composite?
True
Is 546509 a composite number?
False
Is 11003339 composite?
False
Is 13734269 composite?
True
Is 327307 prime?
True
Is 2680421 composite?
False
Is 9061637 prime?
False
Is 92093681 a prime number?
True
Is 32389373 a prime number?
True
Is 43384951 composite?
False
Is 8190263 a prime number?
False
Is 16107869 composite?
False
Is 6057841 a composite number?
False
Is 9202911 a composite number?
True
Is 96097 composite?
False
Is 4471601 prime?
False
Is 35147117 a composite number?
True
Is 770119 prime?
False
Is 132001963 composite?
False
Is 1492739 composite?
False
Is 14144822 prime?
False
Is 6950023 composite?
True
Is 3279709 composite?
False
Is 19149719 prime?
False
Is 2133569 prime?
False
Is 2355853 composite?
False
Is 6322366 prime?
False
Is 110589343 a composite number?
False
Is 196311043 prime?
True
Is 81922589 composite?
True
Is 58554097 prime?
False
Is 1683223 composite?
False
Is 108219523 a composite number?
False
Is 103411967 prime?
True
Is 20232841 prime?
True
Is 15365947 composite?
False
Is 9336211 a prime number?
False
Is 11437579 a 